{"id":8988,"date":"2019-11-06T11:21:08","date_gmt":"2019-11-06T13:21:08","guid":{"rendered":"http:\/\/panvvg.lt?page_id=8988"},"modified":"2021-01-27T12:20:32","modified_gmt":"2021-01-27T10:20:32","slug":"kvietimasnr1-2-2-2-3-3","status":"publish","type":"page","link":"https:\/\/panvvg.lt?page_id=8988","title":{"rendered":"Kvietimas Nr. 15 (parama mokymams)"},"content":{"rendered":"<p><span color=\"#ff6600\">Parai\u0161kos pagal \u0161\u012f kvietim\u0105 buvo renkamos nuo 2019-11-11 9.00 val. iki 2019-12-31 16.00 val. (kvietimo galiojimo terminas baig\u0117si).<\/span><span color=\"#ff6600\"><span color=\"#ff6600\"><br \/>\n<span>Artimiausiu metu planuojam\u0173 skelbti\u00a0<\/span><a href=\"https:\/\/panvvg.lt\/?page_id=3857\" target=\"_blank\" rel=\"noopener noreferrer\">kvietim\u0173 grafikas<\/a><span>.<\/span><\/span><\/span><\/p>\n<p><span color=\"#ff6600\"><br \/>\n<\/span><b>KVIETIMO TEIKTI VIETOS PROJEKTUS NR. 15 DOKUMENTACIJA:<\/b><\/p>\n<ul style=\"list-style-type: disc;\">\n<li>Kvietimas teikti vietos projektus Nr. 15 (<strong class=\"highlights\"><a href=\"https:\/\/drive.google.com\/uc?id=1bToRlj0I88FkDaOWbKGTaZfPLLA2UFQx\" target=\"_blank\" rel=\"noopener noreferrer\">kvietimo skelbimas<\/a><\/strong>);<\/li>\n<li>VPS priemon\u0117\u00a0<strong>\u201eVietos projekt\u0173 parei\u0161k\u0117j\u0173 ir vykdytoj\u0173 mokymas, \u012fg\u016bd\u017ei\u0173 \u012fgijimas\u201c\u00a0<\/strong>Nr. LEADER-19.2-SAVA-3:\n<ul style=\"list-style-type: disc;\">\n<li><strong class=\"highlights\"><a href=\"https:\/\/drive.google.com\/uc?id=1sTo8KommXdhQYiEAVDmZpQgxLUr1MliG\" target=\"_blank\" rel=\"noopener noreferrer\">Finansavimo s\u0105lyg\u0173 apra\u0161as (FSA)<\/a><\/strong>;<\/li>\n<li>1 priedas <strong class=\"highlights\"><a href=\"https:\/\/drive.google.com\/uc?id=1_IepTevjpWDkxPqgGPMXqR3cX5-lC_a4\" target=\"_blank\" rel=\"noopener noreferrer\">Vietos projekto parai\u0161ka<\/a><\/strong>;<\/li>\n<\/ul>\n<\/li>\n<\/ul>\n<ul style=\"list-style-type: disc;\"><\/ul>\n<p>Kvietimui skiriama VPS paramos l\u0117\u0161\u0173 suma 30 399,00 Eur i\u0161 E\u017d\u016aFKP ir Lietuvos Respublikos valstyb\u0117s biud\u017eeto l\u0117\u0161\u0173;<br \/>\nDid\u017eiausia galima parama vienam vietos projektui \u012fgyvendinti 10 000,00 Eur.<br \/>\nParamos vietos projektui \u012fgyvendinti lyginamoji dalis &#8211; iki 100 proc. vis\u0173 tinkam\u0173 finansuoti vietos projekto i\u0161laid\u0173.<\/p>\n<p>Vietos projekt\u0173 parai\u0161kos priimamos Panev\u0117\u017eio rajono vietos veiklos grup\u0117s b\u016bstin\u0117je adresu J. \u017demgulio g. 46 (106 kab.), Panev\u0117\u017eys.<\/p>\n<p><strong>KVIETIMO NR. 15 METU GAUT\u0172 VIETOS PROJEKT\u0172 VERTINIMAS:<\/strong><\/p>\n<p>Informacija apie u\u017eregistruotas vietos projekt\u0173 parai\u0161kas (<a href=\"https:\/\/drive.google.com\/uc?id=1-Ua9pX1MA7B8vFAcHMPxPo_MAhXAV0eo\" target=\"_blank\" rel=\"noreferrer noopener\" aria-label=\" (atidaroma naujame nar\u0161ykl\u0117s skirtuke)\"><strong>projekt\u0173\u00a0s\u0105ra\u0161as<\/strong><\/a>)<br \/>\nInformacija apie vietos projekt\u0173 parai\u0161k\u0173 prid\u0117tin\u0117s vert\u0117s (kokyb\u0117s) vertinimo\u00a0<strong><a href=\"https:\/\/drive.google.com\/uc?id=1fv4h1xFRZAOHv57IYHbdJ9EGVOot2g0l\" target=\"_blank\" rel=\"noreferrer noopener\" aria-label=\" (atidaroma naujame nar\u0161ykl\u0117s skirtuke)\">rezultatus<\/a><br \/>\n<\/strong><span>Vietos projekt\u0173 parai\u0161k\u0173 atrankos vertinimo<\/span><span>\u00a0<\/span><strong class=\"highlights\"><a href=\"https:\/\/drive.google.com\/file\/d\/181g99-76Oo4UB6PlVJR6ZVAqArKmN9uF\/view?usp=sharing\" target=\"_blank\" rel=\"noopener noreferrer\">rezultat\u0173 suvestin\u0117<\/a><br \/>\n<\/strong>Vietos projekt\u0173 parai\u0161k\u0173 vertinimo rezultat\u0173\u00a0<strong class=\"highlights\"><a href=\"https:\/\/drive.google.com\/file\/d\/1gCwr3g2cEfSRlpfkvvbUwsJCh73XlNeC\/view?usp=sharing\" target=\"_blank\" rel=\"noopener noreferrer\">suvestin\u0117<\/a><br \/>\n<\/strong>Vietos projekt\u0173 atrankos komiteto 2020-01-28 Nr. (14-15)-1<strong class=\"highlights\"><strong> <a href=\"https:\/\/drive.google.com\/file\/d\/1x6FS5ptT2w1B7bZF_H_dHmNTOARC7cPX\/view?usp=sharing\" target=\"_blank\" rel=\"noopener noreferrer\">nutariamoji<\/a> <\/strong><\/strong>dalis<\/p>\n","protected":false},"excerpt":{"rendered":"<p>Parai\u0161kos pagal \u0161\u012f kvietim\u0105 buvo renkamos nuo 2019-11-11 9.00 val. iki 2019-12-31 16.00 val. (kvietimo galiojimo terminas baig\u0117si). Artimiausiu metu planuojam\u0173 skelbti\u00a0kvietim\u0173 grafikas. KVIETIMO TEIKTI VIETOS PROJEKTUS NR. 15 DOKUMENTACIJA: Kvietimas teikti vietos projektus Nr. 15 (); VPS priemon\u0117\u00a0\u201eVietos projekt\u0173 parei\u0161k\u0117j\u0173 ir vykdytoj\u0173 mokymas, \u012fg\u016bd\u017ei\u0173 \u012fgijimas\u201c\u00a0Nr. LEADER-19.2-SAVA-3: ; 1 priedas ; Kvietimui skiriama VPS paramos [&hellip;]<\/p>\n","protected":false},"author":2,"featured_media":0,"parent":0,"menu_order":0,"comment_status":"closed","ping_status":"closed","template":"","meta":{"footnotes":""},"class_list":["post-8988","page","type-page","status-publish","hentry"],"_links":{"self":[{"href":"https:\/\/panvvg.lt\/index.php?rest_route=\/wp\/v2\/pages\/8988","targetHints":{"allow":["GET"]}}],"collection":[{"href":"https:\/\/panvvg.lt\/index.php?rest_route=\/wp\/v2\/pages"}],"about":[{"href":"https:\/\/panvvg.lt\/index.php?rest_route=\/wp\/v2\/types\/page"}],"author":[{"embeddable":true,"href":"https:\/\/panvvg.lt\/index.php?rest_route=\/wp\/v2\/users\/2"}],"replies":[{"embeddable":true,"href":"https:\/\/panvvg.lt\/index.php?rest_route=%2Fwp%2Fv2%2Fcomments&post=8988"}],"version-history":[{"count":8,"href":"https:\/\/panvvg.lt\/index.php?rest_route=\/wp\/v2\/pages\/8988\/revisions"}],"predecessor-version":[{"id":9702,"href":"https:\/\/panvvg.lt\/index.php?rest_route=\/wp\/v2\/pages\/8988\/revisions\/9702"}],"wp:attachment":[{"href":"https:\/\/panvvg.lt\/index.php?rest_route=%2Fwp%2Fv2%2Fmedia&parent=8988"}],"curies":[{"name":"wp","href":"https:\/\/api.w.org\/{rel}","templated":true}]}}