{"id":8895,"date":"2019-09-23T08:43:11","date_gmt":"2019-09-23T10:43:11","guid":{"rendered":"http:\/\/panvvg.lt?page_id=8895"},"modified":"2021-01-27T12:19:24","modified_gmt":"2021-01-27T10:19:24","slug":"kvietimai-2-2-3","status":"publish","type":"page","link":"https:\/\/panvvg.lt?page_id=8895","title":{"rendered":"Kvietimas Nr. 12 (parama veikl\u0173 projektams)"},"content":{"rendered":"<p><span color=\"#ff6600\">Parai\u0161kos pagal \u0161\u012f kvietim\u0105 buvo renkamos nuo 2019-09-23 9.00 val. iki 2019-11-15 16.00 val. (kvietimo galiojimo terminas baig\u0117si)<span>.<\/span><br \/>Artimiausiu metu planuojam\u0173 skelbti <a href=\"https:\/\/panvvg.lt\/?page_id=3857\" target=\"_blank\" rel=\"noopener noreferrer\">kvietim\u0173 grafikas<\/a>.<br \/><span style=\"color: #ff6600;\">\u00a0<\/span><\/span><\/p>\n<p><b><strong class=\"highlights\">KVIETIMO TEIKTI VIETOS PROJEKTUS NR. 12 DOKUMENTACIJA<\/strong><\/b><b>:<\/b><\/p>\n<ul style=\"list-style-type: disc;\">\n<li>Kvietimas teikti vietos projektus Nr. 12 (<strong class=\"highlights\"><a href=\"https:\/\/drive.google.com\/uc?id=15nBOxn0Iaw3K9VPTvxbTz8TF5DisRJ6C\" target=\"_blank\" rel=\"noopener noreferrer\">kvietimo skelbimas<\/a><\/strong>);<\/li>\n<li>VPS priemon\u0117s <strong>\u201eGyventoj\u0173 aktyvumo, verslumo iniciatyv\u0173 skatinimas, kra\u0161to tradicij\u0173 puosel\u0117jimas\u201c <\/strong>Nr. LEADER-19.2-SAVA-6:\n<ul style=\"list-style-type: disc;\">\n<li><strong class=\"highlights\"><a href=\"https:\/\/drive.google.com\/uc?id=1t66Sj8bYfs3UFC1Rn5vVDFP_lTxdAmbY\" target=\"_blank\" rel=\"noopener noreferrer\">Finansavimo s\u0105lyg\u0173 apra\u0161as (FSA)<\/a><\/strong>;<\/li>\n<li>1 priedas <strong class=\"highlights\"><a href=\"https:\/\/drive.google.com\/uc?id=1Od4A0A8W-HOBWOMtDcBohuEr-oBbBHqF\" target=\"_blank\" rel=\"noopener noreferrer\">Vietos projekto parai\u0161ka<\/a><\/strong>;<\/li>\n<li>2 priedas <strong class=\"highlights\"><a href=\"https:\/\/drive.google.com\/uc?id=10jOKnsGqeqgwKEEhBtcjXGt-RtUyv5VL\" target=\"_blank\" rel=\"noopener noreferrer\">Jungtin\u0117s veiklos sutartis<\/a><\/strong>;<\/li>\n<li>3 priedas <strong class=\"highlights\"><a href=\"https:\/\/drive.google.com\/uc?id=1Ud52p-fLlOalsmWLFqyGn3SweGB4bbAo\" target=\"_blank\" rel=\"noopener noreferrer\">Bendradarbiavimo sutartis<\/a><\/strong>.<\/li>\n<\/ul>\n<\/li>\n<\/ul>\n<p>Bendra kvietimo teikti vietos projektus suma 60 000 Eur i\u0161 E\u017d\u016aFKP ir Lietuvos Respublikos valstyb\u0117s biud\u017eeto l\u0117\u0161\u0173.<br \/>Did\u017eiausia galima parama vienam vietos projektui \u012fgyvendinti 14 995,00 Eur.<\/p>\n<p>Paramos vietos projektui \u012fgyvendinti lyginamoji dalis:<br \/>&#8211;\u00a0<strong>iki 80 proc<\/strong>. vis\u0173 tinkam\u0173 finansuoti vietos projekto i\u0161laid\u0173, kai projekto metu \u012fsigyjamas materialusis turtas;<br \/>&#8211; <strong>iki 95 proc<\/strong>.\u00a0vis\u0173 tinkam\u0173 finansuoti vietos projekto i\u0161laid\u0173, kai vietos projekto galutinis rezultatas pats savaime n\u0117ra materialusis turtas: esm\u0117 yra pats projektas, o ne nuolatin\u0117 veikla, t.y. veiklos projektams.<\/p>\n<p>Vietos projekt\u0173 parai\u0161kos priimamos Panev\u0117\u017eio rajono vietos veiklos grup\u0117s b\u016bstin\u0117je adresu J. \u017demgulio g. 46 (106 kab.), Panev\u0117\u017eys.<\/p>\n<p><b>PAPILDOMI DOKUMENTAI (pagalba parei\u0161k\u0117jams)<\/b><b>:<\/b><\/p>\n<ul style=\"list-style-type: disc;\">\n<li>I\u0161laid\u0173 tinkamumo finansuoti paramos l\u0117\u0161omis\u00a0<a href=\"https:\/\/www.nma.lt\/uploads\/files\/dir2253\/dir112\/dir5\/11_0.php\" target=\"_blank\" rel=\"noopener noreferrer\"><strong class=\"highlights\">vertinimo tvarka<\/strong><\/a><\/li>\n<li>I\u0161laid\u0173 pagrindimo dokument\u0173, teikiam\u0173 kartu su parai\u0161ka, <a href=\"https:\/\/drive.google.com\/uc?id=18C36M4FWIg6yGXPgaGSlW7tckVcMGKvY\" target=\"_blank\" rel=\"noopener noreferrer\"><strong class=\"highlights\">tinkamumo reikalavimai<\/strong><\/a><\/li>\n<li>Vietos projekt\u0173, \u012fgyvendinam\u0173 bendruomeni\u0173 inicijuotos vietos pl\u0117tros b\u016bdu, administravimo taisykl\u0117s (<a href=\"https:\/\/www.e-tar.lt\/portal\/lt\/legalAct\/2c022700800111e6b969d7ae07280e89\/YFJiveyXjx\" target=\"_blank\" rel=\"noopener noreferrer\"><strong class=\"highlights\">kvietimo teikti vietos projekt\u0173 parai\u0161kas Nr. 12 metu taikoma suvestin\u0117 redakcija<\/strong><\/a>)<\/li>\n<li>Vietos projekt\u0173, pateikt\u0173 pagal vietos pl\u0117tros strategijas, \u012fgyvendinamas bendruomeni\u0173 inicijuotos vietos pl\u0117tros b\u016bdu, administravimo proced\u016bros apra\u0161as ir priedai (<a href=\"https:\/\/www.nma.lt\/index.php\/parama\/lietuvos-kaimo-pletros-20142020-m-programa\/priemoniu-sarasas\/parama-vietos-projektams-igyvendinti-pagal-vps-2016-m\/20142020-m-programinio-laikotarpio-vietos-projektu-pateiktu-pagal-vietos-pletros-strategijas-igyvendinamas-bendruomeniu-inicijuotos-vietos-pletros-budu-administravimo-proceduros-aprasas\/11112\" target=\"_blank\" rel=\"noopener noreferrer\"><strong class=\"highlights\">kvietimo teikti vietos projekt\u0173 parai\u0161kas Nr. 12 metu taikoma proced\u016bros apra\u0161o redakcija<\/strong><\/a>)<\/li>\n<li>Renginio organizavimo fiksuotojo \u012fkainio nustatymo <strong class=\"highlights\"><a href=\"http:\/\/www.esinvesticijos.lt\/docview\/?id=10817&amp;h=4b639&amp;t=renginio-organizavimo-fi_2017-08-21\" target=\"_blank\" rel=\"noopener noreferrer\">tyrimo ataskaita (rengini\u0173 organizavimo \u012fkainiai)<\/a><\/strong><\/li>\n<li>Vietos projekt\u0173\u00a0<a href=\"https:\/\/www.e-tar.lt\/portal\/lt\/legalAct\/ed70b9107edc11e4bc68a1493830b8b9\/gcNqPREAbI\" target=\"_blank\" rel=\"noopener noreferrer\"><strong class=\"highlights\">vie\u0161inimo taisykl\u0117s<\/strong><\/a><\/li>\n<li>Projekt\u0173 vykdytoj\u0173 (kuriems netaikomas Vie\u0161\u0173j\u0173 pirkim\u0173 \u012fstatymas), pretenduojan\u010di\u0173 gauti param\u0105, <strong class=\"highlights\"><a href=\"http:\/\/www.infolex.lt\/ta\/320663\" target=\"_blank\" rel=\"noopener noreferrer\">pirkimo taisykl\u0117s<\/a><\/strong><\/li>\n<li>Sankcij\u0173 u\u017e pirkim\u0173 tvarkos pa\u017eeidimus <strong class=\"highlights\"><a href=\"https:\/\/www.e-tar.lt\/portal\/lt\/legalAct\/TAR.946878076DBF\/ZKtuMryeog\" target=\"_blank\" rel=\"noopener noreferrer\">taikymo metodika<\/a><\/strong><\/li>\n<li>Sankcij\u0173 u\u017e pa\u017eeidimus <strong class=\"highlights\"><a href=\"https:\/\/www.e-tar.lt\/portal\/lt\/legalAct\/3a4d3d907c6111e4abe983995522ea30\/kHbwEKPrCo\" target=\"_blank\" rel=\"noopener noreferrer\">taikymo metodika<\/a><\/strong><\/li>\n<\/ul>\n\n\n<p><\/p>\n\n\n\n<p><strong>KVIETIMO NR. 12 METU GAUT\u0172 VIETOS PROJEKT\u0172 VERTINIMAS:<\/strong><\/p>\n\n\n\n<p>Informacija apie u\u017eregistruotas vietos projekt\u0173 parai\u0161kas (<a rel=\"noreferrer noopener\" aria-label=\" (atidaroma naujame nar\u0161ykl\u0117s skirtuke)\" href=\"https:\/\/drive.google.com\/uc?id=1gvH5u8ob1WMBBGKs37EdrvJeX_OJ1jrW\" target=\"_blank\"><strong>projekt\u0173&nbsp;s\u0105ra\u0161as<\/strong><\/a>)<br>Informacija apie vietos projekt\u0173 parai\u0161k\u0173 prid\u0117tin\u0117s vert\u0117s (kokyb\u0117s) vertinimo&nbsp;<strong><a rel=\"noreferrer noopener\" aria-label=\" (atidaroma naujame nar\u0161ykl\u0117s skirtuke)\" href=\"https:\/\/drive.google.com\/uc?id=10zmdrFVjYuByIsJHBq_52DpE70YqBIed\" target=\"_blank\">rezultatus<\/a><\/strong><br>Vietos projekt\u0173 parai\u0161k\u0173 vertinimo rezultat\u0173&nbsp;<strong><a href=\"https:\/\/drive.google.com\/file\/d\/1VBZOjmWrhkbfsWu-O4LajIQxK-CWyc4y\/view?usp=sharing\" target=\"_blank\" rel=\"noreferrer noopener\">suvestin\u0117<\/a><br><\/strong>Vietos projekt\u0173 atrankos komiteto 2019-12-12 Nr. (12-13)-1<strong><strong>&nbsp;<a rel=\"noreferrer noopener\" href=\"https:\/\/drive.google.com\/file\/d\/1uwbdWThpfBRkdXBxRbB0PuJUHrMb2kYP\/view?usp=sharing\" target=\"_blank\">nutariamoji&nbsp;<\/a><\/strong><\/strong>dalis<\/p>\n","protected":false},"excerpt":{"rendered":"<p>Parai\u0161kos pagal \u0161\u012f kvietim\u0105 buvo renkamos nuo 2019-09-23 9.00 val. iki 2019-11-15 16.00 val. (kvietimo galiojimo terminas baig\u0117si).Artimiausiu metu planuojam\u0173 skelbti kvietim\u0173 grafikas.\u00a0 : Kvietimas teikti vietos projektus Nr. 12 (); VPS priemon\u0117s \u201eGyventoj\u0173 aktyvumo, verslumo iniciatyv\u0173 skatinimas, kra\u0161to tradicij\u0173 puosel\u0117jimas\u201c Nr. LEADER-19.2-SAVA-6: ; 1 priedas ; 2 priedas ; 3 priedas . Bendra kvietimo [&hellip;]<\/p>\n","protected":false},"author":2,"featured_media":0,"parent":0,"menu_order":0,"comment_status":"closed","ping_status":"closed","template":"","meta":{"footnotes":""},"class_list":["post-8895","page","type-page","status-publish","hentry"],"_links":{"self":[{"href":"https:\/\/panvvg.lt\/index.php?rest_route=\/wp\/v2\/pages\/8895","targetHints":{"allow":["GET"]}}],"collection":[{"href":"https:\/\/panvvg.lt\/index.php?rest_route=\/wp\/v2\/pages"}],"about":[{"href":"https:\/\/panvvg.lt\/index.php?rest_route=\/wp\/v2\/types\/page"}],"author":[{"embeddable":true,"href":"https:\/\/panvvg.lt\/index.php?rest_route=\/wp\/v2\/users\/2"}],"replies":[{"embeddable":true,"href":"https:\/\/panvvg.lt\/index.php?rest_route=%2Fwp%2Fv2%2Fcomments&post=8895"}],"version-history":[{"count":4,"href":"https:\/\/panvvg.lt\/index.php?rest_route=\/wp\/v2\/pages\/8895\/revisions"}],"predecessor-version":[{"id":9699,"href":"https:\/\/panvvg.lt\/index.php?rest_route=\/wp\/v2\/pages\/8895\/revisions\/9699"}],"wp:attachment":[{"href":"https:\/\/panvvg.lt\/index.php?rest_route=%2Fwp%2Fv2%2Fmedia&parent=8895"}],"curies":[{"name":"wp","href":"https:\/\/api.w.org\/{rel}","templated":true}]}}