{"id":4809,"date":"2018-09-12T09:02:38","date_gmt":"2018-09-12T11:02:38","guid":{"rendered":"http:\/\/panvvg.lt?page_id=4809"},"modified":"2019-09-25T05:47:02","modified_gmt":"2019-09-25T07:47:02","slug":"kvietimasnr1-2-2-2-3","status":"publish","type":"page","link":"https:\/\/panvvg.lt?page_id=4809","title":{"rendered":"Kvietimas Nr. 6"},"content":{"rendered":"<p><span color=\"#ff6600\">Parai\u0161kos pagal \u0161\u012f kvietim\u0105 buvo renkamos iki 2018 m. gruod\u017eio 14 d. <\/span><span color=\"#ff6600\"><span color=\"#ff6600\">(kvietimo galiojimo terminas baig\u0117si).<br \/>\n<span>Artimiausiu metu planuojam\u0173 skelbti\u00a0<\/span><a href=\"https:\/\/panvvg.lt\/?page_id=3857\" target=\"_blank\" rel=\"noopener noreferrer\">kvietim\u0173 grafikas<\/a><span>.<\/span><\/span><\/span><\/p>\n<p><span color=\"#ff6600\"><br \/>\n<\/span><b><strong class=\"highlights\">KVIETIMO TEIKTI VIETOS PROJEKTUS NR. 6 DOKUMENTACIJA<\/strong>:<\/b><\/p>\n<ul style=\"list-style-type: disc;\">\n<li>Kvietimas teikti vietos projektus Nr. 6 (<strong class=\"highlights\"><a href=\"https:\/\/drive.google.com\/uc?id=1xivZLmSUJD-esPXY3LiVIkjtWfLSHQyR\" target=\"_blank\" rel=\"noopener noreferrer\">kvietimo skelbimas<\/a><\/strong>);<\/li>\n<li>VPS priemon\u0117\u00a0<strong>\u201eVietos projekt\u0173 parei\u0161k\u0117j\u0173 ir vykdytoj\u0173 mokymas, \u012fg\u016bd\u017ei\u0173 \u012fgijimas\u201c\u00a0<\/strong>Nr. LEADER-19.2-SAVA-3:\n<ul style=\"list-style-type: disc;\">\n<li><strong class=\"highlights\"><a href=\"https:\/\/drive.google.com\/uc?id=1guTz7c66Rp3EN26eulpxc0xXEM4HPxAA\" target=\"_blank\" rel=\"noopener noreferrer\">Finansavimo s\u0105lyg\u0173 apra\u0161as (FSA)<\/a><\/strong>;<\/li>\n<li>1 priedas <strong class=\"highlights\"><a href=\"https:\/\/drive.google.com\/uc?id=1vz_6SqENWavn_wJVg6x9LNfEWeJzfG9Y\" target=\"_blank\" rel=\"noopener noreferrer\">Vietos projekto parai\u0161ka<\/a><\/strong>;<\/li>\n<\/ul>\n<\/li>\n<\/ul>\n<ul style=\"list-style-type: disc;\"><\/ul>\n<p>Kvietimui skiriama VPS paramos l\u0117\u0161\u0173 suma 30 000,00 Eur i\u0161 E\u017d\u016aFKP ir Lietuvos Respublikos valstyb\u0117s biud\u017eeto l\u0117\u0161\u0173;<br \/>\nDid\u017eiausia galima parama vienam vietos projektui \u012fgyvendinti 10 000,00 Eur.<br \/>\nParamos vietos projektui \u012fgyvendinti lyginamoji dalis &#8211; iki 100 proc. vis\u0173 tinkam\u0173 finansuoti vietos projekto i\u0161laid\u0173.<\/p>\n<p>Vietos projekt\u0173 parai\u0161kos bus priimamos Panev\u0117\u017eio rajono vietos veiklos grup\u0117s b\u016bstin\u0117je adresu J. \u017demgulio g. 46 (106 kab.), Panev\u0117\u017eys.<\/p>\n<p><b><br \/>\nPAPILDOMI DOKUMENTAI (pagalba parei\u0161k\u0117jams)<\/b><b>:<\/b><\/p>\n<ul style=\"list-style-type: disc;\">\n<li>I\u0161laid\u0173 tinkamumo finansuoti paramos l\u0117\u0161omis\u00a0<a href=\"https:\/\/www.nma.lt\/uploads\/files\/dir1920\/dir96\/dir4\/5_0.php\" target=\"_blank\" rel=\"noopener noreferrer\"><strong class=\"highlights\">vertinimo tvarka<\/strong><\/a><\/li>\n<li>Vietos projekt\u0173, \u012fgyvendinam\u0173 bendruomeni\u0173 inicijuotos vietos pl\u0117tros b\u016bdu, administravimo taisykl\u0117s (<a href=\"https:\/\/www.e-tar.lt\/portal\/lt\/legalAct\/2c022700800111e6b969d7ae07280e89\/YFJiveyXjx\" target=\"_blank\" rel=\"noopener noreferrer\"><strong class=\"highlights\">kvietimo teikti vietos projekt\u0173 parai\u0161kas Nr. 6 metu taikoma suvestin\u0117 redakcija<\/strong><\/a>)<\/li>\n<li>Vietos projekt\u0173, pateikt\u0173 pagal vietos pl\u0117tros strategijas, \u012fgyvendinamas bendruomeni\u0173 inicijuotos vietos pl\u0117tros b\u016bdu, administravimo proced\u016bros apra\u0161as ir priedai (<a href=\"https:\/\/www.nma.lt\/index.php\/parama\/lietuvos-kaimo-pletros-20142020-m-programa\/priemoniu-sarasas\/parama-vietos-projektams-igyvendinti-pagal-vps-2016-m\/20142020-m-programinio-laikotarpio-vietos-projektu-pateiktu-pagal-vietos-pletros-strategijas-igyvendinamas-bendruomeniu-inicijuotos-vietos-pletros-budu-administravimo-proceduros-aprasas\/11112\" target=\"_blank\" rel=\"noopener noreferrer\"><strong class=\"highlights\">kvietimo teikti vietos projekt\u0173 parai\u0161kas Nr. 6 metu taikoma proced\u016bros apra\u0161o redakcija<\/strong><\/a>)<\/li>\n<li>Bendr\u0173j\u0173 \u012fg\u016bd\u017ei\u0173 mokymo fiksuotojo \u012fkainio nustatymo <strong class=\"highlights\">tyrimo\u00a0ataskaita (<a href=\"http:\/\/www.esinvesticijos.lt\/docview\/?id=10611&amp;h=614f8&amp;t=bendruju-igudziu-mokymo(08-21)\" target=\"_blank\" rel=\"noopener noreferrer\">mokym\u0173 organizavimo \u012fkainiai)<\/a>\u00a0<\/strong><\/li>\n<li>Vietos projekt\u0173\u00a0<a href=\"https:\/\/www.e-tar.lt\/portal\/lt\/legalAct\/ed70b9107edc11e4bc68a1493830b8b9\/gcNqPREAbI\" target=\"_blank\" rel=\"noopener noreferrer\"><strong class=\"highlights\">vie\u0161inimo taisykl\u0117s<\/strong><\/a><\/li>\n<li>Sankcij\u0173 u\u017e pirkim\u0173 tvarkos pa\u017eeidimus <strong class=\"highlights\"><a href=\"https:\/\/www.e-tar.lt\/portal\/lt\/legalAct\/TAR.946878076DBF\/ZKtuMryeog\" target=\"_blank\" rel=\"noopener noreferrer\">taikymo metodika<\/a><\/strong><\/li>\n<li>Sankcij\u0173 u\u017e pa\u017eeidimus <strong class=\"highlights\"><a href=\"https:\/\/www.e-tar.lt\/portal\/lt\/legalAct\/3a4d3d907c6111e4abe983995522ea30\/kHbwEKPrCo\" target=\"_blank\" rel=\"noopener noreferrer\">taikymo metodika<\/a><\/strong><\/li>\n<\/ul>\n<p>Kvietimo teikti vietos projektus Nr. 6 parai\u0161kos buvo renkamos nuo 2018-09-17 iki 2018-11-16.\u00a0Nuo 2018-11-16 \u0161is kvietimas buvo\u00a0<a href=\"https:\/\/panvvg.lt\/?p=4985\" target=\"_blank\" rel=\"noopener noreferrer\">sustabdytas<\/a>. Kvietimo galiojusio iki 2018-11-16 dokumentacij\u0105 (jau nebeaktuali\u0105) galima rasti\u00a0<a href=\"https:\/\/panvvg.lt\/?page_id=4991\" target=\"_blank\" rel=\"noopener noreferrer\">\u010dia<\/a>. Nuo 2018-11-16 atnaujinta kvietimo dokumentacija ir prat\u0119stas kvietimo galiojimo laikas iki 2018-12-14.<\/p>\n<p><strong>KVIETIMO NR. 6 METU GAUT\u0172 VIETOS PROJEKT\u0172 VERTINIMAS:<\/strong><\/p>\n<p>Informacija apie u\u017eregistruotas vietos projekt\u0173 parai\u0161kas (<a href=\"https:\/\/drive.google.com\/uc?id=14hYzZiPsjqWgPkntJr2aNvKANC2PZKm4\" target=\"_blank\" rel=\"noopener noreferrer\"><strong>projekt\u0173<\/strong><strong><span>\u00a0<\/span>s\u0105ra\u0161as<\/strong><\/a>)<br \/>\n<span>Informacija apie vietos projekt\u0173 parai\u0161k\u0173 prid\u0117tin\u0117s vert\u0117s (kokyb\u0117s) vertinimo\u00a0<\/span><strong class=\"highlights\"><a href=\"https:\/\/drive.google.com\/uc?id=10KJKX9yVd34ncZ-QyijkU-B9y4I33Fjy\" target=\"_blank\" rel=\"noopener noreferrer\">rezultatus<\/a><br \/>\n<\/strong><span>Vietos projekt\u0173 parai\u0161k\u0173 atrankos vertinimo\u00a0<\/span><strong class=\"highlights\"><a href=\"https:\/\/drive.google.com\/uc?id=1smSH33xcyk38O-Pu36aWRJqfGZYmNBUm\" target=\"_blank\" rel=\"noopener noreferrer\">rezultat\u0173 suvestin\u0117<\/a><br \/>\n<\/strong>Vietos projekt\u0173 parai\u0161k\u0173 vertinimo rezultat\u0173 <strong class=\"highlights\"><a href=\"https:\/\/drive.google.com\/open?id=12t2jRNsDlNzSy4VaHmTf4_OZEqljE80E\" target=\"_blank\" rel=\"noopener noreferrer\">suvestin\u0117<\/a><br \/>\n<\/strong>Vietos projekt\u0173 atrankos komiteto 2019-01-21 <strong><a href=\"https:\/\/drive.google.com\/uc?id=1Md10LOBRmhGTGLG62HxcMv8qsv1GfSJm\" target=\"_blank\" rel=\"noopener noreferrer\">nutariamoji<\/a><\/strong> dalis (LEADER-19.2-SAVA-3)<strong class=\"highlights\"><br \/>\n<\/strong>Skirta parama (proj. Nr. PANE-LEADER-1C-M-6-2-2018) NMA 2019-04-25 direktoriaus \u012fsakymu Nr. BR1-114<strong class=\"highlights\"><br \/>\n<\/strong><\/p>\n","protected":false},"excerpt":{"rendered":"<p>Parai\u0161kos pagal \u0161\u012f kvietim\u0105 buvo renkamos iki 2018 m. gruod\u017eio 14 d. (kvietimo galiojimo terminas baig\u0117si). Artimiausiu metu planuojam\u0173 skelbti\u00a0kvietim\u0173 grafikas. : Kvietimas teikti vietos projektus Nr. 6 (); VPS priemon\u0117\u00a0\u201eVietos projekt\u0173 parei\u0161k\u0117j\u0173 ir vykdytoj\u0173 mokymas, \u012fg\u016bd\u017ei\u0173 \u012fgijimas\u201c\u00a0Nr. LEADER-19.2-SAVA-3: ; 1 priedas ; Kvietimui skiriama VPS paramos l\u0117\u0161\u0173 suma 30 000,00 Eur i\u0161 E\u017d\u016aFKP ir [&hellip;]<\/p>\n","protected":false},"author":2,"featured_media":0,"parent":0,"menu_order":0,"comment_status":"closed","ping_status":"closed","template":"","meta":{"footnotes":""},"class_list":["post-4809","page","type-page","status-publish","hentry"],"_links":{"self":[{"href":"https:\/\/panvvg.lt\/index.php?rest_route=\/wp\/v2\/pages\/4809","targetHints":{"allow":["GET"]}}],"collection":[{"href":"https:\/\/panvvg.lt\/index.php?rest_route=\/wp\/v2\/pages"}],"about":[{"href":"https:\/\/panvvg.lt\/index.php?rest_route=\/wp\/v2\/types\/page"}],"author":[{"embeddable":true,"href":"https:\/\/panvvg.lt\/index.php?rest_route=\/wp\/v2\/users\/2"}],"replies":[{"embeddable":true,"href":"https:\/\/panvvg.lt\/index.php?rest_route=%2Fwp%2Fv2%2Fcomments&post=4809"}],"version-history":[{"count":24,"href":"https:\/\/panvvg.lt\/index.php?rest_route=\/wp\/v2\/pages\/4809\/revisions"}],"predecessor-version":[{"id":8932,"href":"https:\/\/panvvg.lt\/index.php?rest_route=\/wp\/v2\/pages\/4809\/revisions\/8932"}],"wp:attachment":[{"href":"https:\/\/panvvg.lt\/index.php?rest_route=%2Fwp%2Fv2%2Fmedia&parent=4809"}],"curies":[{"name":"wp","href":"https:\/\/api.w.org\/{rel}","templated":true}]}}