{"id":3120,"date":"2017-07-17T10:37:28","date_gmt":"2017-07-17T12:37:28","guid":{"rendered":"http:\/\/panvvg.lt\/?page_id=3120"},"modified":"2026-02-03T18:10:38","modified_gmt":"2026-02-03T16:10:38","slug":"nuorodos","status":"publish","type":"page","link":"https:\/\/panvvg.lt?page_id=3120","title":{"rendered":"Nuorodos"},"content":{"rendered":"<p>[vc_row][vc_column][vc_tabs style=&#8221;style_1&#8243;][vc_tab title=&#8221;Naudingos nuorodos&#8221; tab_id=&#8221;1404824855-1-48&#8243;][vc_column_text]<\/p>\n<ul style=\"list-style-type: circle;\">\n<li><a href=\"http:\/\/zum.lrv.lt\/\"><strong class=\"highlights\">zum.lrv.lt<\/strong><\/a> &#8211; LR \u017eem\u0117s \u016bkio ministerija<a href=\"http:\/\/enrd.ec.europa.eu\/en\/home-page_en.cfm\"><\/a><\/li>\n<li><a href=\"http:\/\/www.nma.lt\/\"><strong class=\"highlights\">nma.lt<\/strong><\/a> &#8211; Nacionalin\u0117 mok\u0117jimo agent\u016bra<\/li>\n<li><a href=\"http:\/\/www.zmmc.lt\/\" target=\"_blank\" rel=\"noopener noreferrer\"><strong class=\"highlights\">www.zmmc.lt<\/strong><\/a> &#8211; Programos Leader ir \u017eemdirbi\u0173 mokymo metodinis centras<\/li>\n<li><a href=\"http:\/\/www.kaimotinklas.lt\/\" target=\"_blank\" rel=\"noopener noreferrer\"><strong class=\"highlights\">www.kaimotinklas.lt<\/strong><\/a> &#8211; Lietuvos kaimo tinklas<\/li>\n<li><a href=\"http:\/\/www.lkbs.lt\/\"><strong class=\"highlights\">www.lkbs.lt<\/strong><\/a> &#8211; Lietuvos kaimo bendruomeni\u0173 s\u0105junga<\/li>\n<li><a href=\"https:\/\/www.facebook.com\/vvgtinklas\/\"><strong class=\"highlights\">vvgtinklas<\/strong><\/a> &#8211; Vietos veiklos grupi\u0173 tinklas (facebook paskyra)<\/li>\n<li><a href=\"https:\/\/www.leadertinklas.lt\/\" target=\"_blank\" rel=\"noopener\"><strong class=\"highlights\">VVG tinklo naujienos<\/strong><\/a> &#8211; Vietos veiklos grupi\u0173 tinklas<\/li>\n<li><a href=\"https:\/\/enrd.ec.europa.eu\/\"><strong class=\"highlights\">enrd.ec.europa.eu<\/strong><\/a> &#8211; Europos kaimo pl\u0117tros tinklas<\/li>\n<li><a href=\"http:\/\/www.3sektorius.lt\/\"><strong class=\"highlights\">www.3sektorius.lt<\/strong><\/a> &#8211; Nevyriausybini\u0173 organizacij\u0173 informacijos ir paramos centras<\/li>\n<li><a href=\"http:\/\/panrs.lt\/\"><strong class=\"highlights\">www.panrs.lt<\/strong><\/a> &#8211; Panev\u0117\u017eio rajono savivaldyb\u0117, Panev\u0117\u017eio rajone veikian\u010di\u0173 bendruomeni\u0173 <a href=\"https:\/\/www.panrs.lt\/wp-content\/uploads\/2021\/12\/Bendruomeniu-savadas-2021-12-14.pdf\" target=\"_blank\" rel=\"noopener\"><strong class=\"highlights\">s\u0105vadas<\/strong><\/a><\/li>\n<li><a href=\"http:\/\/vpt.lrv.lt\/\"><strong class=\"highlights\">vpt.lrv.lt<\/strong><\/a> &#8211; Vie\u0161\u0173j\u0173 pirkim\u0173 tarnyba<\/li>\n<li><a href=\"https:\/\/pirkimai.eviesiejipirkimai.lt\/\"><strong class=\"highlights\">pirkimai.eviesiejipirkimai.lt<\/strong><\/a> &#8211; Centrin\u0117 vie\u0161\u0173j\u0173 pirkim\u0173 informacin\u0117 sistema<\/li>\n<li><a href=\"https:\/\/cvpp.eviesiejipirkimai.lt\/\"><strong class=\"highlights\">cvpp.eviesiejipirkimai.lt<\/strong><\/a> &#8211; Centrinis vie\u0161\u0173j\u0173 pirkim\u0173 portalas<\/li>\n<li><strong class=\"highlights\"><a href=\"https:\/\/www.verslilietuva.lt\/lt\" target=\"_blank\" rel=\"noopener noreferrer\">www.verslilietuva.lt<\/a><\/strong> &#8211; \u016akio ministerijos \u012fsteigta agent\u016bra, skatinanti verslum\u0105, tvari\u0105 ir moderni\u0105 verslo pl\u0117tr\u0105, startuoli\u0173 ekosistem\u0105 bei eksport\u0105 Lietuvoje<\/li>\n<\/ul>\n<p>[\/vc_column_text][\/vc_tab][vc_tab title=&#8221;Nuorodos \u012f teis\u0117s aktus&#8221; tab_id=&#8221;1404824855-2-70&#8243;][vc_column_text]<\/p>\n<ul style=\"list-style-type: circle;\">\n<li><a href=\"https:\/\/www.e-tar.lt\/portal\/lt\/legalAct\/f6d686707e7011e6b969d7ae07280e89\/asr\" target=\"_blank\" rel=\"noopener noreferrer\"><strong class=\"highlights\">Lietuvos Respublikos darbo kodeksas<\/strong><\/a><\/li>\n<li><a href=\"https:\/\/www.e-tar.lt\/portal\/lt\/legalAct\/TAR.FF00B0EA2F0E\/asr\" target=\"_blank\" rel=\"noopener noreferrer\"><strong class=\"highlights\">Lietuvos Respublikos asociacij\u0173 \u012fstatymas<\/strong><\/a><\/li>\n<li><a href=\"https:\/\/e-seimas.lrs.lt\/portal\/legalAct\/lt\/TAD\/6a4d6a81b48211ed924fd817f8fa798e\/asr\" target=\"_blank\" rel=\"nofollow noopener noreferrer\"><strong class=\"highlights\"><\/a><a href=\"https:\/\/zum.lrv.lt\/lt\/veiklos-sritys\/bendroji-zemes-ukio-politika\/lietuvos-zemes-ukio-ir-kaimo-pletros-2023-2027-m-strateginis-planas-1\/strateginis-planas-1\/\" target=\"_blank\" rel=\"noopener\">Lietuvos \u017eem\u0117s \u016bkio ir kaimo pl\u0117tros 2023\u20132027 met\u0173 strateginis planas<\/a><a href=\"https:\/\/e-seimas.lrs.lt\/portal\/legalAct\/lt\/TAD\/6a4d6a81b48211ed924fd817f8fa798e\/asr\" target=\"_blank\" rel=\"nofollow noopener noreferrer\"><\/strong><\/a><\/li>\n<li><a href=\"https:\/\/e-seimas.lrs.lt\/portal\/legalAct\/lt\/TAD\/6a4d6a81b48211ed924fd817f8fa798e\/asr\" target=\"_blank\" rel=\"nofollow noopener noreferrer\"><strong class=\"highlights\"><\/a><a href=\"https:\/\/e-seimas.lrs.lt\/portal\/legalAct\/lt\/TAD\/6a4d6a81b48211ed924fd817f8fa798e\/asr\" target=\"_blank\" rel=\"noopener\">Lietuvos \u017eem\u0117s \u016bkio ir kaimo pl\u0117tros 2023\u20132027 met\u0173 strateginio plano administravimo taisykl\u0117s<\/a><a href=\"https:\/\/e-seimas.lrs.lt\/portal\/legalAct\/lt\/TAD\/6a4d6a81b48211ed924fd817f8fa798e\/asr\" target=\"_blank\" rel=\"nofollow noopener noreferrer\"><\/strong><\/a><\/li>\n<li><a href=\"http:\/\/zum.lrv.lt\/lt\/veiklos-sritys\/kaimo-pletra\/lietuvos-kaimo-pletros-2014-2020-m-programa\/programa-2\" target=\"_blank\" rel=\"noopener noreferrer\"><strong class=\"highlights\">Lietuvos kaimo pl\u0117tros 2014-2020 m.<span>\u00a0<\/span>programa<\/strong><\/a><a href=\"https:\/\/e-seimas.lrs.lt\/portal\/legalAct\/lt\/TAD\/6a4d6a81b48211ed924fd817f8fa798e\/asr\" target=\"_blank\" rel=\"nofollow noopener noreferrer\"><\/a><\/li>\n<li><a href=\"https:\/\/zum.lrv.lt\/lt\/veiklos-sritys\/kaimo-pletra\/ankstesnio-laikotarpio-programos-ir-prioritetai\/lietuvos-kaimo-pletros-2007-2013-m-programa\/\" target=\"_blank\" rel=\"noopener noreferrer\"><strong class=\"highlights\">Lietuvos kaimo pl\u0117tros 2007-2013 m. programa<\/strong><\/a><\/li>\n<li><a href=\"https:\/\/zum.lrv.lt\/lt\/veiklos-sritys\/bendroji-zemes-ukio-politika\/lietuvos-zemes-ukio-ir-kaimo-pletros-2023-2027-m-strateginis-planas-1\/priemones-1\/kaimo-pletros-priemones-2023-2027-m\/bendruomeniu-inicijuota-vietos-pletra-leader\/\" target=\"_blank\" rel=\"noopener\"><strong class=\"highlights\">Bendruomeni\u0173 inicijuota vietos pl\u0117tra (LEADER)<\/a><a href=\"https:\/\/zum.lrv.lt\/lt\/veiklos-sritys\/bendroji-zemes-ukio-politika\/lietuvos-zemes-ukio-ir-kaimo-pletros-2023-2027-m-strateginis-planas-1\/priemones-1\/kaimo-pletros-priemones-2023-2027-m\/bendruomeniu-inicijuota-vietos-pletra-leader\/\"><\/a><\/li>\n<li><a href=\"https:\/\/zum.lrv.lt\/lt\/veiklos-sritys\/kaimo-pletra\/lietuvos-kaimo-pletros-2014-2020-m-programa\/priemones\/19-priemone-leader-programa\" target=\"_blank\" rel=\"noopener noreferrer\">LEADER programa<\/strong><\/a><\/li>\n<li><strong class=\"highlights\"><a href=\"https:\/\/e-seimas.lrs.lt\/portal\/legalAct\/lt\/TAD\/TAIS.314990\/asr\" target=\"_blank\" rel=\"noopener noreferrer\"><span lang=\"LT\">Gr\u0105\u017eintin\u0173 l\u0117\u0161\u0173, susidariusi\u0173 \u012fgyvendinant Europos S\u0105jungos \u017eem\u0117s \u016bkio fond\u0173 priemones, administravimo taisykl\u0117s<\/span><\/a><\/strong><span><br \/>\n<\/span><\/li>\n<li><span><a href=\"http:\/\/eur-lex.europa.eu\/legal-content\/LT\/TXT\/HTML\/?uri=CELEX:12012E\/TXT&amp;from=lt\" target=\"_blank\" rel=\"noopener noreferrer\"><strong class=\"highlights\">Europos Bendrijos steigimo sutartis su priedais<\/strong><\/a><\/span><\/li>\n<li><strong class=\"highlights\"><a href=\"https:\/\/www.e-tar.lt\/portal\/lt\/legalAct\/b8706580bf5411e5a6588fb85a3cc84b\" target=\"_blank\" rel=\"noopener noreferrer\">Galimai neteis\u0117t\u0173 s\u0105lyg\u0173 gauti param\u0105 nustatymo metodika<\/a><\/strong><\/li>\n<li><strong class=\"highlights\"><a href=\"https:\/\/avnt.lrv.lt\/lt\/veiklos-sritys\/apskaita-1\/verslo-apskaitos-standartai\/finansiniu-ataskaitu-formos-nuo-2016-01-01\/\" target=\"_blank\" rel=\"noopener noreferrer\">Finansini\u0173 dokument\u0173 (balanso, pelno (nuostoli\u0173) ataskaitos) formos<\/a><\/strong><\/li>\n<li><strong class=\"highlights\"><a href=\"https:\/\/avnt.lrv.lt\/lt\/veiklos-sritys\/apskaita-1\/pelno-nesiekianciu-subjektu-apskaitos-taisykles\/\" target=\"_blank\" rel=\"noopener noreferrer\">Pelno nesiekian\u010di\u0173 subjekt\u0173 apskaitos taisykl\u0117s<\/a><\/strong><\/li>\n<li><strong class=\"highlights\"><a href=\"https:\/\/www.e-tar.lt\/portal\/lt\/legalAct\/TAR.640D50DB8877\/asr\" target=\"_blank\" rel=\"noopener noreferrer\">Smulkiojo ir vidutinio verslo pl\u0117tros \u012fstatymas<\/a><\/strong><\/li>\n<li><strong class=\"highlights\"><a href=\"https:\/\/www.esinvesticijos.lt\/lt\/dokumentai\/bendruju-igudziu-mokymo-fiksuotojo-ikainio-nustatymo-tyrimo-ataskaita\" target=\"_blank\" rel=\"noopener noreferrer\">Bendr\u0173j\u0173 \u012fg\u016bd\u017ei\u0173 mokymo fiksuotojo \u012fkainio nustatymo tyrimo ataskaita<\/a><\/strong><\/li>\n<li><strong class=\"highlights\"><a href=\"https:\/\/2014.esinvesticijos.lt\/lt\/dokumentai\/renginio-organizavimo-fiksuotojo-ikainio-nustatymo-tyrimo-ataskaita\" target=\"_blank\" rel=\"noopener noreferrer\">Renginio organizavimo fiksuotojo \u012fkainio nustatymo tyrimo ataskaita<\/a><\/strong><\/li>\n<li><strong class=\"highlights\"><a href=\"https:\/\/nma.lrv.lt\/lt\/dazniausiai-uzduodami-klausimai\/\" target=\"_blank\" rel=\"noopener noreferrer\">NMA DUK<\/a><\/strong><\/li>\n<\/ul>\n<p>[\/vc_column_text][\/vc_tab][\/vc_tabs][\/vc_column][\/vc_row][vc_row][vc_column][vc_empty_space][\/vc_column][\/vc_row]<\/p>\n","protected":false},"excerpt":{"rendered":"<p>[vc_row][vc_column][vc_tabs style=&#8221;style_1&#8243;][vc_tab title=&#8221;Naudingos nuorodos&#8221; tab_id=&#8221;1404824855-1-48&#8243;][vc_column_text] &#8211; LR \u017eem\u0117s \u016bkio ministerija &#8211; Nacionalin\u0117 mok\u0117jimo agent\u016bra &#8211; Programos Leader ir \u017eemdirbi\u0173 mokymo metodinis centras &#8211; Lietuvos kaimo tinklas &#8211; Lietuvos kaimo bendruomeni\u0173 s\u0105junga &#8211; Vietos veiklos grupi\u0173 tinklas (facebook paskyra) &#8211; Vietos veiklos grupi\u0173 tinklas &#8211; Europos kaimo pl\u0117tros tinklas &#8211; Nevyriausybini\u0173 organizacij\u0173 informacijos ir paramos centras [&hellip;]<\/p>\n","protected":false},"author":2,"featured_media":0,"parent":0,"menu_order":0,"comment_status":"closed","ping_status":"closed","template":"","meta":{"footnotes":""},"class_list":["post-3120","page","type-page","status-publish","hentry"],"_links":{"self":[{"href":"https:\/\/panvvg.lt\/index.php?rest_route=\/wp\/v2\/pages\/3120","targetHints":{"allow":["GET"]}}],"collection":[{"href":"https:\/\/panvvg.lt\/index.php?rest_route=\/wp\/v2\/pages"}],"about":[{"href":"https:\/\/panvvg.lt\/index.php?rest_route=\/wp\/v2\/types\/page"}],"author":[{"embeddable":true,"href":"https:\/\/panvvg.lt\/index.php?rest_route=\/wp\/v2\/users\/2"}],"replies":[{"embeddable":true,"href":"https:\/\/panvvg.lt\/index.php?rest_route=%2Fwp%2Fv2%2Fcomments&post=3120"}],"version-history":[{"count":46,"href":"https:\/\/panvvg.lt\/index.php?rest_route=\/wp\/v2\/pages\/3120\/revisions"}],"predecessor-version":[{"id":11600,"href":"https:\/\/panvvg.lt\/index.php?rest_route=\/wp\/v2\/pages\/3120\/revisions\/11600"}],"wp:attachment":[{"href":"https:\/\/panvvg.lt\/index.php?rest_route=%2Fwp%2Fv2%2Fmedia&parent=3120"}],"curies":[{"name":"wp","href":"https:\/\/api.w.org\/{rel}","templated":true}]}}