{"id":2003,"date":"2017-03-14T17:39:36","date_gmt":"2017-03-14T19:39:36","guid":{"rendered":"http:\/\/panvvg.lt\/?page_id=2003"},"modified":"2024-07-30T12:57:35","modified_gmt":"2024-07-30T09:57:35","slug":"vvg-nariai","status":"publish","type":"page","link":"https:\/\/panvvg.lt?page_id=2003","title":{"rendered":"VVG nariai"},"content":{"rendered":"<p style=\"text-align: center;\"><strong>PANEV\u0116\u017dIO RAJONO VIETOS VEIKLOS GRUP\u0116S NARIAI<\/strong><\/p>\n\n<table id=\"tablepress-30\" class=\"tablepress tablepress-id-30\">\n<thead>\n<tr class=\"row-1\">\n\t<th class=\"column-1\">Eil. Nr. <\/th><th class=\"column-2\">Narys<\/th><th class=\"column-3\">Pilietin\u0117s visuomen\u0117s atstovai<\/th><th class=\"column-4\">Verslo atstovai<\/th><th class=\"column-5\">Vietos vald\u017eios atstovai<\/th><th class=\"column-6\">Kit\u0173 interes\u0173 grupi\u0173 atstovai<\/th>\n<\/tr>\n<\/thead>\n<tbody class=\"row-striping row-hover\">\n<tr class=\"row-2\">\n\t<td class=\"column-1\">1.<\/td><td class=\"column-2\">Marijona Povilonien\u0117<\/td><td class=\"column-3\"><\/td><td class=\"column-4\"><\/td><td class=\"column-5\"><\/td><td class=\"column-6\">\u221a<\/td>\n<\/tr>\n<tr class=\"row-3\">\n\t<td class=\"column-1\">2.<\/td><td class=\"column-2\">Antanas Pocius<\/td><td class=\"column-3\"><\/td><td class=\"column-4\"><\/td><td class=\"column-5\">\u221a<\/td><td class=\"column-6\"><\/td>\n<\/tr>\n<tr class=\"row-4\">\n\t<td class=\"column-1\">3.<\/td><td class=\"column-2\">Dalius Dirs\u0117<\/td><td class=\"column-3\"><\/td><td class=\"column-4\"><\/td><td class=\"column-5\">\u221a<\/td><td class=\"column-6\"><\/td>\n<\/tr>\n<tr class=\"row-5\">\n\t<td class=\"column-1\">4.<\/td><td class=\"column-2\">Daiva Adamkevi\u010dien\u0117<\/td><td class=\"column-3\"><\/td><td class=\"column-4\"><\/td><td class=\"column-5\">\u221a<\/td><td class=\"column-6\"><\/td>\n<\/tr>\n<tr class=\"row-6\">\n\t<td class=\"column-1\">5.<\/td><td class=\"column-2\">Asta Sakalauskien\u0117<\/td><td class=\"column-3\"><\/td><td class=\"column-4\"><\/td><td class=\"column-5\"><\/td><td class=\"column-6\">\u221a<\/td>\n<\/tr>\n<tr class=\"row-7\">\n\t<td class=\"column-1\">6.<\/td><td class=\"column-2\">Kazimieras Binkis<\/td><td class=\"column-3\"><\/td><td class=\"column-4\"><\/td><td class=\"column-5\"><\/td><td class=\"column-6\">\u221a<\/td>\n<\/tr>\n<tr class=\"row-8\">\n\t<td class=\"column-1\">7.<\/td><td class=\"column-2\">Vygantas Keturakis<\/td><td class=\"column-3\"><\/td><td class=\"column-4\">\u221a<\/td><td class=\"column-5\"><\/td><td class=\"column-6\"><\/td>\n<\/tr>\n<tr class=\"row-9\">\n\t<td class=\"column-1\">8.<\/td><td class=\"column-2\">Renata Kop\u016bstien\u0117<\/td><td class=\"column-3\"><\/td><td class=\"column-4\"><\/td><td class=\"column-5\">\u221a<\/td><td class=\"column-6\"><\/td>\n<\/tr>\n<tr class=\"row-10\">\n\t<td class=\"column-1\">9.<\/td><td class=\"column-2\">Virginijus \u0160le\u017eas<\/td><td class=\"column-3\"><\/td><td class=\"column-4\"><\/td><td class=\"column-5\">\u221a<\/td><td class=\"column-6\"><\/td>\n<\/tr>\n<tr class=\"row-11\">\n\t<td class=\"column-1\">10.<\/td><td class=\"column-2\">Milda Tamokaitien\u0117<\/td><td class=\"column-3\"><\/td><td class=\"column-4\"><\/td><td class=\"column-5\">\u221a<\/td><td class=\"column-6\"><\/td>\n<\/tr>\n<tr class=\"row-12\">\n\t<td class=\"column-1\">11.<\/td><td class=\"column-2\">Panev\u0117\u017eio rajono savivaldyb\u0117<\/td><td class=\"column-3\"><\/td><td class=\"column-4\"><\/td><td class=\"column-5\">\u221a<\/td><td class=\"column-6\"><\/td>\n<\/tr>\n<tr class=\"row-13\">\n\t<td class=\"column-1\">12.<\/td><td class=\"column-2\">Daiva Ada\u0161i\u016bnien\u0117<\/td><td class=\"column-3\"><\/td><td class=\"column-4\"><\/td><td class=\"column-5\"><\/td><td class=\"column-6\">\u221a<\/td>\n<\/tr>\n<tr class=\"row-14\">\n\t<td class=\"column-1\">13.<\/td><td class=\"column-2\">Gintaras Ra\u0161kauskas<\/td><td class=\"column-3\"><\/td><td class=\"column-4\"><\/td><td class=\"column-5\"><\/td><td class=\"column-6\">\u221a<\/td>\n<\/tr>\n<tr class=\"row-15\">\n\t<td class=\"column-1\">14.<\/td><td class=\"column-2\">Valdas Vai\u010diulis<\/td><td class=\"column-3\"><\/td><td class=\"column-4\">\u221a<\/td><td class=\"column-5\"><\/td><td class=\"column-6\"><\/td>\n<\/tr>\n<tr class=\"row-16\">\n\t<td class=\"column-1\">15.<\/td><td class=\"column-2\">Audrius Zalatoris<\/td><td class=\"column-3\"><\/td><td class=\"column-4\"><\/td><td class=\"column-5\">\u221a<\/td><td class=\"column-6\"><\/td>\n<\/tr>\n<tr class=\"row-17\">\n\t<td class=\"column-1\">16.<\/td><td class=\"column-2\">Panev\u0117\u017eio rajono Jotaini\u0173 kaimo bendruomen\u0117<\/td><td class=\"column-3\">\u221a<\/td><td class=\"column-4\"><\/td><td class=\"column-5\"><\/td><td class=\"column-6\"><\/td>\n<\/tr>\n<tr class=\"row-18\">\n\t<td class=\"column-1\">17.<\/td><td class=\"column-2\">Bernatoni\u0173 bendruomen\u0117<\/td><td class=\"column-3\">\u221a<\/td><td class=\"column-4\"><\/td><td class=\"column-5\"><\/td><td class=\"column-6\"><\/td>\n<\/tr>\n<tr class=\"row-19\">\n\t<td class=\"column-1\">18.<\/td><td class=\"column-2\">Panev\u0117\u017eio rajono Sujet\u0173 bendruomen\u0117s centras \u201eLiepa\u201c\t<\/td><td class=\"column-3\">\u221a<\/td><td class=\"column-4\"><\/td><td class=\"column-5\"><\/td><td class=\"column-6\"><\/td>\n<\/tr>\n<tr class=\"row-20\">\n\t<td class=\"column-1\">19.<\/td><td class=\"column-2\">Naujamies\u010dio pilie\u010di\u0173 draugija<\/td><td class=\"column-3\">\u221a<\/td><td class=\"column-4\"><\/td><td class=\"column-5\"><\/td><td class=\"column-6\"><\/td>\n<\/tr>\n<tr class=\"row-21\">\n\t<td class=\"column-1\">20.<\/td><td class=\"column-2\">Panev\u0117\u017eio rajono Uli\u016bn\u0173 kaimo bendruomen\u0117<\/td><td class=\"column-3\">\u221a<\/td><td class=\"column-4\"><\/td><td class=\"column-5\"><\/td><td class=\"column-6\"><\/td>\n<\/tr>\n<tr class=\"row-22\">\n\t<td class=\"column-1\">21.<\/td><td class=\"column-2\">Traki\u0161kio gyventoj\u0173 bendruomen\u0117<\/td><td class=\"column-3\">\u221a<\/td><td class=\"column-4\"><\/td><td class=\"column-5\"><\/td><td class=\"column-6\"><\/td>\n<\/tr>\n<tr class=\"row-23\">\n\t<td class=\"column-1\">22.<\/td><td class=\"column-2\">Mie\u017ei\u0161ki\u0173 gyventoj\u0173 bendruomen\u0117<\/td><td class=\"column-3\">\u221a<\/td><td class=\"column-4\"><\/td><td class=\"column-5\"><\/td><td class=\"column-6\"><\/td>\n<\/tr>\n<tr class=\"row-24\">\n\t<td class=\"column-1\">23.<\/td><td class=\"column-2\">Panev\u0117\u017eio rajono gyventoj\u0173 bendruomen\u0117 \u201eUpyt\u0117s \u017eem\u0117\u201c<\/td><td class=\"column-3\">\u221a<\/td><td class=\"column-4\"><\/td><td class=\"column-5\"><\/td><td class=\"column-6\"><\/td>\n<\/tr>\n<tr class=\"row-25\">\n\t<td class=\"column-1\">24.<\/td><td class=\"column-2\">Panev\u0117\u017eio rajono bendruomen\u0117s centras \u201eBit\u0117\u201c<\/td><td class=\"column-3\">\u221a<\/td><td class=\"column-4\"><\/td><td class=\"column-5\"><\/td><td class=\"column-6\"><\/td>\n<\/tr>\n<tr class=\"row-26\">\n\t<td class=\"column-1\">25.<\/td><td class=\"column-2\">Nev\u0117\u017eio gyventoj\u0173 bendruomen\u0117<\/td><td class=\"column-3\">\u221a<\/td><td class=\"column-4\"><\/td><td class=\"column-5\"><\/td><td class=\"column-6\"><\/td>\n<\/tr>\n<tr class=\"row-27\">\n\t<td class=\"column-1\">26.<\/td><td class=\"column-2\">Ramygalos miesto \u2013 Garuck\u0173 kaimo bendruomen\u0117<\/td><td class=\"column-3\">\u221a<\/td><td class=\"column-4\"><\/td><td class=\"column-5\"><\/td><td class=\"column-6\"><\/td>\n<\/tr>\n<tr class=\"row-28\">\n\t<td class=\"column-1\">27.<\/td><td class=\"column-2\">Gyventoj\u0173 bendruomen\u0117 \u201ePiniava\u201c<\/td><td class=\"column-3\">\u221a<\/td><td class=\"column-4\"><\/td><td class=\"column-5\"><\/td><td class=\"column-6\"><\/td>\n<\/tr>\n<tr class=\"row-29\">\n\t<td class=\"column-1\">28.<\/td><td class=\"column-2\">U\u017edaroji akcin\u0117 bendrov\u0117 Dembavos medelynas<\/td><td class=\"column-3\"><\/td><td class=\"column-4\">\u221a<\/td><td class=\"column-5\"><\/td><td class=\"column-6\"><\/td>\n<\/tr>\n<tr class=\"row-30\">\n\t<td class=\"column-1\">29.<\/td><td class=\"column-2\">Dainos Dambrauskien\u0117s \u012fmon\u0117\t<\/td><td class=\"column-3\"><\/td><td class=\"column-4\">\u221a<\/td><td class=\"column-5\"><\/td><td class=\"column-6\"><\/td>\n<\/tr>\n<tr class=\"row-31\">\n\t<td class=\"column-1\">30.<\/td><td class=\"column-2\">Mikas Pa\u010dekajus<\/td><td class=\"column-3\"><\/td><td class=\"column-4\">\u221a<\/td><td class=\"column-5\"><\/td><td class=\"column-6\"><\/td>\n<\/tr>\n<tr class=\"row-32\">\n\t<td class=\"column-1\">31.<\/td><td class=\"column-2\">UAB \u201eMototecha\u201c<\/td><td class=\"column-3\"><\/td><td class=\"column-4\">\u221a<\/td><td class=\"column-5\"><\/td><td class=\"column-6\"><\/td>\n<\/tr>\n<tr class=\"row-33\">\n\t<td class=\"column-1\">32.<\/td><td class=\"column-2\">Donatas Tumas<\/td><td class=\"column-3\"><\/td><td class=\"column-4\"><\/td><td class=\"column-5\">\u221a<\/td><td class=\"column-6\"><\/td>\n<\/tr>\n<tr class=\"row-34\">\n\t<td class=\"column-1\">33.<\/td><td class=\"column-2\">V\u0161\u012e Ger\u0173 naujien\u0173 televizija<\/td><td class=\"column-3\">\u221a<\/td><td class=\"column-4\"><\/td><td class=\"column-5\"><\/td><td class=\"column-6\"><\/td>\n<\/tr>\n<tr class=\"row-35\">\n\t<td class=\"column-1\">34.<\/td><td class=\"column-2\">\u0160il\u0173 bendruomen\u0117<\/td><td class=\"column-3\">\u221a<\/td><td class=\"column-4\"><\/td><td class=\"column-5\"><\/td><td class=\"column-6\"><\/td>\n<\/tr>\n<tr class=\"row-36\">\n\t<td class=\"column-1\">35.<\/td><td class=\"column-2\">Vilma Juodagalvyt\u0117-Baranovskaja<\/td><td class=\"column-3\"><\/td><td class=\"column-4\"><\/td><td class=\"column-5\"><\/td><td class=\"column-6\">\u221a<\/td>\n<\/tr>\n<tr class=\"row-37\">\n\t<td class=\"column-1\">36.<\/td><td class=\"column-2\">UAB \u201eVerslo kodas\u201c<\/td><td class=\"column-3\"><\/td><td class=\"column-4\">\u221a<\/td><td class=\"column-5\"><\/td><td class=\"column-6\"><\/td>\n<\/tr>\n<tr class=\"row-38\">\n\t<td class=\"column-1\">37.<\/td><td class=\"column-2\">Raguvos bendruomen\u0117<\/td><td class=\"column-3\">\u221a<\/td><td class=\"column-4\"><\/td><td class=\"column-5\"><\/td><td class=\"column-6\"><\/td>\n<\/tr>\n<tr class=\"row-39\">\n\t<td class=\"column-1\">38.<\/td><td class=\"column-2\">Panev\u0117\u017eio rajono \u0116ri\u0161ki\u0173 kaimo bendruomen\u0117<\/td><td class=\"column-3\">\u221a<\/td><td class=\"column-4\"><\/td><td class=\"column-5\"><\/td><td class=\"column-6\"><\/td>\n<\/tr>\n<tr class=\"row-40\">\n\t<td class=\"column-1\">39.<\/td><td class=\"column-2\">Panev\u0117\u017eio rajono kaimo bendruomen\u0117 \u201ePa\u017eagieniai\u201c<\/td><td class=\"column-3\">\u221a<\/td><td class=\"column-4\"><\/td><td class=\"column-5\"><\/td><td class=\"column-6\"><\/td>\n<\/tr>\n<tr class=\"row-41\">\n\t<td class=\"column-1\">40.<\/td><td class=\"column-2\">Ina Kulikauskien\u0117<\/td><td class=\"column-3\"><\/td><td class=\"column-4\"><\/td><td class=\"column-5\"><\/td><td class=\"column-6\">\u221a<\/td>\n<\/tr>\n<tr class=\"row-42\">\n\t<td class=\"column-1\">41.<\/td><td class=\"column-2\">Sandra Budreikien\u0117<\/td><td class=\"column-3\"><\/td><td class=\"column-4\"><\/td><td class=\"column-5\">\u221a<\/td><td class=\"column-6\"><\/td>\n<\/tr>\n<tr class=\"row-43\">\n\t<td class=\"column-1\">42.<\/td><td class=\"column-2\">Antanas Kaminskas<\/td><td class=\"column-3\"><\/td><td class=\"column-4\"><\/td><td class=\"column-5\">\u221a<\/td><td class=\"column-6\"><\/td>\n<\/tr>\n<tr class=\"row-44\">\n\t<td class=\"column-1\">43.<\/td><td class=\"column-2\">Lina Petrikonien\u0117<\/td><td class=\"column-3\"><\/td><td class=\"column-4\"><\/td><td class=\"column-5\"><\/td><td class=\"column-6\">\u221a<\/td>\n<\/tr>\n<tr class=\"row-45\">\n\t<td class=\"column-1\">44.<\/td><td class=\"column-2\">Deimant\u0117 Zinkevi\u010d\u0117<\/td><td class=\"column-3\"><\/td><td class=\"column-4\">\u221a<\/td><td class=\"column-5\"><\/td><td class=\"column-6\"><\/td>\n<\/tr>\n<tr class=\"row-46\">\n\t<td class=\"column-1\">45.<\/td><td class=\"column-2\">Panev\u0117\u017eio rajono Vadokli\u0173 ir Mik\u0117n\u0173 kaim\u0173 bendruomen\u0117<\/td><td class=\"column-3\">\u221a<\/td><td class=\"column-4\"><\/td><td class=\"column-5\"><\/td><td class=\"column-6\"><\/td>\n<\/tr>\n<tr class=\"row-47\">\n\t<td class=\"column-1\">46.<\/td><td class=\"column-2\">MB \"Mechaninis apdirbimas\"<\/td><td class=\"column-3\"><\/td><td class=\"column-4\">\u221a<\/td><td class=\"column-5\"><\/td><td class=\"column-6\"><\/td>\n<\/tr>\n<tr class=\"row-48\">\n\t<td class=\"column-1\">47.<\/td><td class=\"column-2\">Povilas \u017dagunis<\/td><td class=\"column-3\"><\/td><td class=\"column-4\"><\/td><td class=\"column-5\">\u221a<\/td><td class=\"column-6\"><\/td>\n<\/tr>\n<tr class=\"row-49\">\n\t<td class=\"column-1\">48.<\/td><td class=\"column-2\">V\u0161\u012e \u201eVilties sodas\u201c<\/td><td class=\"column-3\">\u221a<\/td><td class=\"column-4\"><\/td><td class=\"column-5\"><\/td><td class=\"column-6\"><\/td>\n<\/tr>\n<tr class=\"row-50\">\n\t<td class=\"column-1\">49.<\/td><td class=\"column-2\">Lina Juozaitien\u0117<\/td><td class=\"column-3\"><\/td><td class=\"column-4\"><\/td><td class=\"column-5\">\u221a<\/td><td class=\"column-6\"><\/td>\n<\/tr>\n<tr class=\"row-51\">\n\t<td class=\"column-1\">50.<\/td><td class=\"column-2\">UAB \u201eMartyno paslauga\u201c<\/td><td class=\"column-3\"><\/td><td class=\"column-4\">\u221a<\/td><td class=\"column-5\"><\/td><td class=\"column-6\"><\/td>\n<\/tr>\n<tr class=\"row-52\">\n\t<td class=\"column-1\">51.<\/td><td class=\"column-2\">Saulius Kronis<\/td><td class=\"column-3\"><\/td><td class=\"column-4\">\u221a<\/td><td class=\"column-5\"><\/td><td class=\"column-6\"><\/td>\n<\/tr>\n<tr class=\"row-53\">\n\t<td class=\"column-1\">52.<\/td><td class=\"column-2\">Kotryna Ju\u0161kait\u0117<\/td><td class=\"column-3\"><\/td><td class=\"column-4\"><\/td><td class=\"column-5\"><\/td><td class=\"column-6\">\u221a<\/td>\n<\/tr>\n<tr class=\"row-54\">\n\t<td class=\"column-1\">53.<\/td><td class=\"column-2\">Dominykas \u017didonis<\/td><td class=\"column-3\"><\/td><td class=\"column-4\"><\/td><td class=\"column-5\"><\/td><td class=\"column-6\">\u221a<\/td>\n<\/tr>\n<tr class=\"row-55\">\n\t<td class=\"column-1\">54.<\/td><td class=\"column-2\">Gyventoj\u0173 bendruomen\u0117s centras \u201eMolainiai\u201c<\/td><td class=\"column-3\">\u221a<\/td><td class=\"column-4\"><\/td><td class=\"column-5\"><\/td><td class=\"column-6\"><\/td>\n<\/tr>\n<tr class=\"row-56\">\n\t<td class=\"column-1\">55.<\/td><td class=\"column-2\">Molaini\u0173 kaimo bendruomen\u0117<\/td><td class=\"column-3\">\u221a<\/td><td class=\"column-4\"><\/td><td class=\"column-5\"><\/td><td class=\"column-6\"><\/td>\n<\/tr>\n<tr class=\"row-57\">\n\t<td class=\"column-1\">56.<\/td><td class=\"column-2\">Edmundas Toliu\u0161is<\/td><td class=\"column-3\"><\/td><td class=\"column-4\"><\/td><td class=\"column-5\">\u221a<\/td><td class=\"column-6\"><\/td>\n<\/tr>\n<tr class=\"row-58\">\n\t<td class=\"column-1\">57.<\/td><td class=\"column-2\">Kazimieras Algirdas Budrys<\/td><td class=\"column-3\"><\/td><td class=\"column-4\"><\/td><td class=\"column-5\">\u221a<\/td><td class=\"column-6\"><\/td>\n<\/tr>\n<tr class=\"row-59\">\n\t<td class=\"column-1\">58.<\/td><td class=\"column-2\">Odeta Baltramiej\u016bnien\u0117<\/td><td class=\"column-3\"><\/td><td class=\"column-4\"><\/td><td class=\"column-5\"><\/td><td class=\"column-6\">\u221a<\/td>\n<\/tr>\n<\/tbody>\n<tfoot>\n<tr class=\"row-60\">\n\t<td class=\"column-1\"><\/td><td class=\"column-2\"><\/td><th class=\"column-3\"><strong>21<\/strong><\/th><th class=\"column-4\"><strong>11<\/strong><\/th><th class=\"column-5\"><strong>15<\/strong><\/th><th class=\"column-6\"><strong>11<\/strong><\/th>\n<\/tr>\n<\/tfoot>\n<\/table>\n<!-- #tablepress-30 from cache -->\n<p><span style=\"font-family: Arial;\" face=\"Arial\"><\/span><strong>PRI\u0116MIMO \u012e VVG TVARKA:<br \/>\n<\/strong><br \/>\nPri\u0117mimo \u012f VVG tvarka: asociacijos nariais gali b\u016bti juridiniai ir fiziniai (pilname\u010diai) asmenys, sumok\u0117j\u0119 stojam\u0105j\u012f \u012fna\u0161\u0105 ir priimti \u012f narius visuotinio nari\u0173 susirinkimo sprendimu.<br \/>\nJuridinis asmuo, norintis \u012fstoti \u012f asociacij\u0105, privalo pateikti pirmininkui arba valdybai pra\u0161ym\u0105 bei sprendim\u0105, kuriame nutarta stoti \u012f asociacij\u0105 ir paskirti atstovaujant\u012fj\u012f asmen\u012f dalyvauti asociacijos veikloje.<br \/>\nFizinis (pilnametis) asmuo, norintis \u012fstoti \u012f asociacij\u0105, privalo pateikti pra\u0161ym\u0105 pirmininkui arba valdybai.<\/p>\n<p>Pra\u0161ymas priimti \u012f VVG narius:<br \/>\n&#8211; <a href=\"https:\/\/drive.google.com\/uc?id=1dDXpS_7X-hayR637HO2lbTQ6FGSUXP2J\">juridiniams asmenims<\/a>;<br \/>\n&#8211; <a href=\"https:\/\/drive.google.com\/uc?id=1Vw7Im0h7JdcL_mcwN0hISOSj5MiuyrSh\">fiziniams asmenims<\/a>.<\/p>\n<p>2015-06-29 visuotinio nari\u0173 susirinkimo protokolu Nr. 20150629T patvirtintas stojamojo \u012fna\u0161o dydis &#8211; 10 Eur.<br \/>\n2024-04-06 visuotinio nari\u0173 susirinkimo protokolu Nr. 20230406T patvirtintas metinis VVG nario mokestis (nuo 2024 m.) &#8211; 10 Eur.<\/p>\n<p>&nbsp;<\/p>\n<p>&nbsp;<\/p>\n<p>&nbsp;<\/p>\n","protected":false},"excerpt":{"rendered":"<p>PANEV\u0116\u017dIO RAJONO VIETOS VEIKLOS GRUP\u0116S NARIAI PRI\u0116MIMO \u012e VVG TVARKA: Pri\u0117mimo \u012f VVG tvarka: asociacijos nariais gali b\u016bti juridiniai ir fiziniai (pilname\u010diai) asmenys, sumok\u0117j\u0119 stojam\u0105j\u012f \u012fna\u0161\u0105 ir priimti \u012f narius visuotinio nari\u0173 susirinkimo sprendimu. Juridinis asmuo, norintis \u012fstoti \u012f asociacij\u0105, privalo pateikti pirmininkui arba valdybai pra\u0161ym\u0105 bei sprendim\u0105, kuriame nutarta stoti \u012f asociacij\u0105 ir paskirti [&hellip;]<\/p>\n","protected":false},"author":1,"featured_media":0,"parent":0,"menu_order":0,"comment_status":"closed","ping_status":"closed","template":"","meta":{"footnotes":""},"class_list":["post-2003","page","type-page","status-publish","hentry"],"_links":{"self":[{"href":"https:\/\/panvvg.lt\/index.php?rest_route=\/wp\/v2\/pages\/2003","targetHints":{"allow":["GET"]}}],"collection":[{"href":"https:\/\/panvvg.lt\/index.php?rest_route=\/wp\/v2\/pages"}],"about":[{"href":"https:\/\/panvvg.lt\/index.php?rest_route=\/wp\/v2\/types\/page"}],"author":[{"embeddable":true,"href":"https:\/\/panvvg.lt\/index.php?rest_route=\/wp\/v2\/users\/1"}],"replies":[{"embeddable":true,"href":"https:\/\/panvvg.lt\/index.php?rest_route=%2Fwp%2Fv2%2Fcomments&post=2003"}],"version-history":[{"count":45,"href":"https:\/\/panvvg.lt\/index.php?rest_route=\/wp\/v2\/pages\/2003\/revisions"}],"predecessor-version":[{"id":10947,"href":"https:\/\/panvvg.lt\/index.php?rest_route=\/wp\/v2\/pages\/2003\/revisions\/10947"}],"wp:attachment":[{"href":"https:\/\/panvvg.lt\/index.php?rest_route=%2Fwp%2Fv2%2Fmedia&parent=2003"}],"curies":[{"name":"wp","href":"https:\/\/api.w.org\/{rel}","templated":true}]}}