{"id":11655,"date":"2026-03-25T17:13:06","date_gmt":"2026-03-25T15:13:06","guid":{"rendered":"https:\/\/panvvg.lt?page_id=11655"},"modified":"2026-03-25T17:14:12","modified_gmt":"2026-03-25T15:14:12","slug":"uab-lauryhouse-verslo-kurimas-2","status":"publish","type":"page","link":"https:\/\/panvvg.lt?page_id=11655","title":{"rendered":"Gyvos tradicijos \u2013 stipri bendruomen\u0117 ir tvari ekonomika"},"content":{"rendered":"\n<h3 style=\"text-align: center;\">Gyvos tradicijos \u2013 stipri bendruomen\u0117 ir tvari ekonomika<\/h3>\n<p>Vietos projekto parei\u0161k\u0117jas: <strong>Panev\u0117\u017eio rajono Raguvos bendruomen\u0117 \u201eRaguva kartu\u201c<\/strong><\/p>\n<p>Vietos projekto partneris (-iai): <strong>&#8211;<\/strong><\/p>\n<p>Paramos suma: <strong>14 435,00\u00a0Eur<\/strong><\/p>\n<p>Vietos projekto \u012fgyvendinimo vieta: <strong>K\u0117daini\u0173 g. 10, Raguvos mstl., Panev\u0117\u017eio rajono Raguvos seni\u016bnija (renginiai vyks bendruomen\u0117s vie\u0161osiose erdv\u0117se: prie e\u017eer\u0117lio ir \u0160v. Florijono aik\u0161t\u0117je).<\/strong><\/p>\n<p>Bendra vietos projekto vert\u0117 su PVM: <strong>16 038, 40\u00a0Eur<\/strong><\/p>\n<p>Bendra vietos projekto vert\u0117 be PVM: <strong>15\u00a0105,38\u00a0Eur<\/strong><\/p>\n<p>Vietos projekto \u012fgyvendinimo trukm\u0117: <strong>12 m\u0117n.<\/strong><\/p>\n<p>Finansavimo \u0161altinis: <strong>E\u017d\u016aFKP ir Lietuvos valstyb\u0117s biud\u017eeto l\u0117\u0161os.<\/strong><\/p>\n<p><\/p>\n<ol>\n<li><strong>Projekto tikslas<\/strong> &#8211; stiprinti Panev\u0117\u017eio rajono Raguvos bendruomen\u0117s \u201eRaguva kartu\u201c geb\u0117jimus ir skatinti Raguvos kra\u0161to gyventoj\u0173, ypa\u010d jaunimo, aktyv\u0173 \u012fsitraukim\u0105 \u012f kult\u016brines, aplinkosaugines, sveikatingumo ir ekonomines veiklas, taip prisidedant prie tvaraus vietos ekonomikos augimo, bendruomeni\u0161kumo, savanoryst\u0117s ir socialinio atsakingumo stiprinimo.<\/li>\n<\/ol>\n<p><\/p>\n<ol start=\"2\">\n<li><strong>Projekto u\u017edaviniai: <\/strong><\/li>\n<\/ol>\n<ul>\n<li>suorganizuoti praktin\u012f &#8211; edukacin\u012f u\u017esi\u0117mim\u0105 \u201eNe i\u0161mesti, o atnaujinti\u201c, skirt\u0105 14\u201329 met\u0173 jaunimui.<\/li>\n<li>suorganizuoti tris Raguvos kra\u0161to tradicinius renginius: \u201eVienas \u017eingsnis iki Jonini\u0173\u201c (2026-06-20); \u201eKaip gera man gr\u012f\u017eti t\u0117vi\u0161k\u0117n\u201c (2026-08-15); \u201eAruodai pilni, \u0161irdis rami\u201c (2026-10-10).<\/li>\n<li>pakviesti \u012f rengin\u012f \u201eAruodai pilni, \u0161irdis rami\u201c 4 bendruomeni\u0173 komandas i\u0161 skirting\u0173 Panev\u0117\u017eio r.\u00a0 seni\u016bnij\u0173 (Pa\u012fstrio, Ramygalos, Bernatoni\u0173 ir Mie\u017ei\u0161ki\u0173)<span style=\"color: initial;\">.<\/span><\/li>\n<\/ul>\n<p>\u00a0 \u00a0 \u00a0 3. <strong>Projekto santrauka:<\/strong> projekto \u012fgyvendinimo metu planuojama suorganizuoti 4 renginius, kuriuose dalyvaus 220 dalyvi\u0173:<\/p>\n<ul>\n<li>praktinis &#8211; edukacinis u\u017esi\u0117mimas \u201eNe i\u0161mesti, o atnaujinti\u201c. Planuojama u\u017esi\u0117mimo trukm\u0117 \u2013 3 akad. val., u\u017esi\u0117mime dalyvaus 20 jaun\u0173 \u017emoni\u0173 (nuo 14-29 m). Profesionalus edukatorius ne tik perteiks teorines \u017einias apie atsaking\u0105 vartojim\u0105 ir aplinkosaug\u0105, bet ir ves praktines k\u016brybines dirbtuves, po kuri\u0173 jaunimas gal\u0117s realiai pritaikyti \u012fgytas \u017einias.<\/li>\n<li>renginys \u201eVienas \u017eingsnis iki Jonini\u0173\u201c skatins jaunimo savanoryst\u0119, Raguvos gyventoj\u0173 bendruomeni\u0161kum\u0105 bei dom\u0117jim\u0105si sveika gyvensena. Vyks edukacijos apie vaista\u017eoles, nat\u016brali\u0173 arbat\u0173 gamyb\u0105, verdama &#8221;jonini\u0173&#8221; sriuba, bus vykdoma vietos produkt\u0173 prekyba. Renginio metu vyks koncertin\u0117s programos, k\u016brybin\u0117s veiklos, \u012ftraukian\u010dios skirtingas am\u017eiaus grupes.<\/li>\n<li>renginys \u201eKaip gera man gr\u012f\u017eti t\u0117vi\u0161k\u0117n\u201c skatins bendruomeni\u0161kum\u0105, kulinarinio paveldo pa\u017einim\u0105 bei vietos smulkiojo verslo iniciatyvas. Bus pristatomi vietos gaminiai, organizuojami u\u017esi\u0117mimai \u0161eimoms, koncertin\u0117 programa, \u012fvairios sportin\u0117s ir k\u016brybin\u0117s veiklos.<\/li>\n<li>renginys \u201eAruodai pilni, \u0161irdis rami\u201c &#8211; turgadienio tipo renginys, suburiantis keli\u0173 seni\u016bnij\u0173 bendruomenes \u012f bendr\u0105 \u201eekovirtuv\u0119\u201c. Renginio metu vyks koncertin\u0117s programos, k\u016brybin\u0117s veiklos, produkt\u0173 degustacijos ir prekyba vietos produktais. Renginys skatins stiprinti vietos ekonomin\u012f potencial\u0105 bei tvarius vartojimo \u012fg\u016bd\u017eius. Renginio metu jaunimas pristatys edukacinio u\u017esi\u0117mimo metu\u00a0 atnaujint\u0173 daikt\u0173 parod\u0105.<\/li>\n<\/ul>\n<p>\u00a0 \u00a0 \u00a0 \u00a04.<strong> Laukiami rezultatai:<\/strong><\/p>\n<ul>\n<li>surengti 4 renginiai;<\/li>\n<li>suorganizuotas praktinis &#8211; edukacinis u\u017esi\u0117mimas klimato kaitos poky\u010di\u0173 \u0161velninimo tema;<\/li>\n<li>planuojamos projekto veiklos apjungs kult\u016brinius, aplinkosauginius, sveikatingumo ir ekonominius aspektus;<\/li>\n<li>projekto veikl\u0173 \u012fgyvendinimas sustiprins Panev\u0117\u017eio rajono Raguvos bendruomen\u0117s \u201eRaguva kartu\u201c kompetencijas organizuojant bendruomenines veiklas; padidins gyventoj\u0173 aktyvum\u0105 ir \u012fsitraukim\u0105 \u012f vie\u0161\u0105sias iniciatyvas; skatins jaunimo dalyvavim\u0105 ir savanoryst\u0119; sustiprins tarp bendruomenin\u012f bendradarbiavim\u0105 ir vietos gyventoj\u0173 ekonomin\u0119 \u012ftraukt\u012f<\/li>\n<\/ul>\n<p><\/p>\n<p><\/p>\n<p><\/p>\n","protected":false},"excerpt":{"rendered":"<p>Gyvos tradicijos \u2013 stipri bendruomen\u0117 ir tvari ekonomika Vietos projekto parei\u0161k\u0117jas: Panev\u0117\u017eio rajono Raguvos bendruomen\u0117 \u201eRaguva kartu\u201c Vietos projekto partneris (-iai): &#8211; Paramos suma: 14 435,00\u00a0Eur Vietos projekto \u012fgyvendinimo vieta: K\u0117daini\u0173 g. 10, Raguvos mstl., Panev\u0117\u017eio rajono Raguvos seni\u016bnija (renginiai vyks bendruomen\u0117s vie\u0161osiose erdv\u0117se: prie e\u017eer\u0117lio ir \u0160v. Florijono aik\u0161t\u0117je). Bendra vietos projekto vert\u0117 su [&hellip;]<\/p>\n","protected":false},"author":2,"featured_media":0,"parent":0,"menu_order":0,"comment_status":"closed","ping_status":"closed","template":"","meta":{"footnotes":""},"class_list":["post-11655","page","type-page","status-publish","hentry"],"_links":{"self":[{"href":"https:\/\/panvvg.lt\/index.php?rest_route=\/wp\/v2\/pages\/11655","targetHints":{"allow":["GET"]}}],"collection":[{"href":"https:\/\/panvvg.lt\/index.php?rest_route=\/wp\/v2\/pages"}],"about":[{"href":"https:\/\/panvvg.lt\/index.php?rest_route=\/wp\/v2\/types\/page"}],"author":[{"embeddable":true,"href":"https:\/\/panvvg.lt\/index.php?rest_route=\/wp\/v2\/users\/2"}],"replies":[{"embeddable":true,"href":"https:\/\/panvvg.lt\/index.php?rest_route=%2Fwp%2Fv2%2Fcomments&post=11655"}],"version-history":[{"count":2,"href":"https:\/\/panvvg.lt\/index.php?rest_route=\/wp\/v2\/pages\/11655\/revisions"}],"predecessor-version":[{"id":11657,"href":"https:\/\/panvvg.lt\/index.php?rest_route=\/wp\/v2\/pages\/11655\/revisions\/11657"}],"wp:attachment":[{"href":"https:\/\/panvvg.lt\/index.php?rest_route=%2Fwp%2Fv2%2Fmedia&parent=11655"}],"curies":[{"name":"wp","href":"https:\/\/api.w.org\/{rel}","templated":true}]}}